{"id":103,"date":"2018-10-26T13:18:55","date_gmt":"2018-10-26T13:18:55","guid":{"rendered":"https:\/\/gaia.cz\/?page_id=103"},"modified":"2024-11-04T10:19:38","modified_gmt":"2024-11-04T10:19:38","slug":"it-sluzby-2","status":"publish","type":"page","link":"https:\/\/gaia.cz\/","title":{"rendered":"IT Slu\u017eby"},"content":{"rendered":"<p><div class=\"fusion-fullwidth fullwidth-box fusion-builder-row-1 nonhundred-percent-fullwidth non-hundred-percent-height-scrolling fusion-equal-height-columns\" style=\"--awb-border-radius-top-left:0px;--awb-border-radius-top-right:0px;--awb-border-radius-bottom-right:0px;--awb-border-radius-bottom-left:0px;--awb-padding-top:20px;--awb-padding-bottom:20px;--awb-flex-wrap:wrap;\" ><div class=\"fusion-builder-row fusion-row\"><div class=\"fusion-layout-column fusion_builder_column fusion-builder-column-0 fusion_builder_column_1_2 1_2 fusion-one-half fusion-column-first\" style=\"--awb-bg-size:cover;width:50%;width:calc(50% - ( ( 4% ) * 0.5 ) );margin-right: 4%;\"><div class=\"fusion-column-wrapper fusion-flex-column-wrapper-legacy\"><div class=\"fusion-text fusion-text-1\"><h2 class=\"fusion-responsive-typography-calculated\" style=\"--fontsize: 24; line-height: 1.5; --minfontsize: 24;\" data-fontsize=\"24\" data-lineheight=\"36px\"><span style=\"color: #23a1eb;\">Nab\u00edz\u00edme komplexn\u00ed p\u00e9\u010di o z\u00e1kazn\u00edka v oblasti IT<\/span><\/h2>\n<ul>\n<li>Spr\u00e1va,rozvoj, optimalizace a zabezpe\u010den\u00ed po\u010d\u00edta\u010dov\u00fdch<br \/>\ns\u00edt\u00ed a IT techniky<\/li>\n<li>Rychl\u00e1 podpora u\u017eivatel\u016f mailem, telefonicky, osobn\u011b<\/li>\n<li>Prodej a zaji\u0161t\u011bn\u00ed servisu zna\u010dkov\u00fdch server\u016f, po\u010d\u00edta\u010d\u016f,<br \/>\nnotebook\u016f, softwaru a p\u0159\u00edslu\u0161enstv\u00ed<\/li>\n<li>Jsme tu pro V\u00e1s ji\u017e 30 let<\/li>\n<\/ul>\n<\/div><div class=\"fusion-clearfix\"><\/div><\/div><\/div><div class=\"fusion-layout-column fusion_builder_column fusion-builder-column-1 fusion_builder_column_1_2 1_2 fusion-one-half fusion-column-last\" style=\"--awb-bg-size:cover;width:50%;width:calc(50% - ( ( 4% ) * 0.5 ) );\"><div class=\"fusion-column-wrapper fusion-flex-column-wrapper-legacy\"><div class=\"fusion-text fusion-text-2\"><h2 class=\"fusion-responsive-typography-calculated\" style=\"--fontsize: 24; line-height: 1.5; --minfontsize: 24;\" data-fontsize=\"24\" data-lineheight=\"36px\"><span style=\"color: #23a1eb;\">Jsme partnerem spole\u010dnost\u00ed<\/span><\/h2>\n<ul>\n<li>Acronis, ESET, GFI\/Kerio, Microsoft<\/li>\n<li>Acer, APC, HP, Fujitsu, QNAP, Zyxel<\/li>\n<\/ul>\n<\/div><div class=\"fusion-clearfix\"><\/div><\/div><\/div><\/div><\/div><div class=\"fusion-fullwidth fullwidth-box fusion-builder-row-2 nonhundred-percent-fullwidth non-hundred-percent-height-scrolling fusion-equal-height-columns\" style=\"--awb-border-radius-top-left:0px;--awb-border-radius-top-right:0px;--awb-border-radius-bottom-right:0px;--awb-border-radius-bottom-left:0px;--awb-padding-top:20px;--awb-padding-bottom:20px;--awb-flex-wrap:wrap;\" ><div class=\"fusion-builder-row fusion-row\"><div class=\"fusion-layout-column fusion_builder_column fusion-builder-column-2 fusion_builder_column_1_1 1_1 fusion-one-full fusion-column-first fusion-column-last\" style=\"--awb-bg-size:cover;\"><div class=\"fusion-column-wrapper fusion-flex-column-wrapper-legacy\"><div class=\"fusion-column-content-centered\"><div class=\"fusion-column-content\"><div class=\"fusion-text fusion-text-3\"><h2 style=\"text-align: center;\"><span style=\"color: #23a1eb;\">Chra\u0148te sv\u00e1 data. Pom\u016f\u017eeme V\u00e1m zajistit ochranu Va\u0161ich dat ov\u011b\u0159en\u00fdmi a modern\u00edmi technologiemi<\/span><\/h2>\n<ul>\n<li>\u0161pi\u010dkov\u00fdmi firewally s detekc\u00ed a\u00a0prevenci \u00fatok\u016f (IPS), antivirovou ochranou, VPN a\u00a0filtrov\u00e1n\u00edm webov\u00e9ho obsahu a\u00a0aplikac\u00ed.<\/li>\n<li>skv\u011bl\u00fdm antivirov\u00fdm syst\u00e9mem ESET. ESET jako jedin\u00fd ze v\u0161ech v\u00fdrobc\u016f pravideln\u011b z\u00edsk\u00e1v\u00e1 VB100 ji\u017e 18 let za sebou<br \/>\n(VB100 &#8211; Virus Bulletin, nez\u00e1visl\u00e1 testovac\u00ed organizace, testuje antivirov\u00e1 \u0159e\u0161en\u00ed od roku 1998)<\/li>\n<li>a v neposledn\u00ed \u0159ad\u011b zajist\u00edme z\u00e1lohov\u00e1n\u00ed v\u0161ech Va\u0161ich dat. Z\u00e1lohov\u00e1n\u00ed se nevyplat\u00ed podce\u0148ovat, hardware a software jde nahradit, ale data ne \ud83d\ude42<br \/>\nProdukty firmy Acronis nab\u00edz\u00ed skv\u011bl\u00e1 a spolehliv\u00e1 \u0159e\u0161en\u00ed jak u dom\u00e1c\u00edch z\u00e1kazn\u00edk\u016f tak pro nejn\u00e1ro\u010dn\u011bj\u0161\u00ed firemn\u00ed pou\u017eit\u00ed.<\/li>\n<\/ul>\n<\/div><\/div><\/div><div class=\"fusion-clearfix\"><\/div><\/div><\/div><div class=\"fusion-layout-column fusion_builder_column fusion-builder-column-3 fusion_builder_column_1_3 1_3 fusion-one-third fusion-column-first\" style=\"--awb-bg-size:cover;width:33.333333333333%;width:calc(33.333333333333% - ( ( 4% + 4% ) * 0.33333333333333 ) );margin-right: 4%;\"><div class=\"fusion-column-wrapper fusion-flex-column-wrapper-legacy\"><div class=\"fusion-column-content-centered\"><div class=\"fusion-column-content\"><div class=\"fusion-image-element in-legacy-container\" style=\"--awb-caption-title-font-family:var(--h2_typography-font-family);--awb-caption-title-font-weight:var(--h2_typography-font-weight);--awb-caption-title-font-style:var(--h2_typography-font-style);--awb-caption-title-size:var(--h2_typography-font-size);--awb-caption-title-transform:var(--h2_typography-text-transform);--awb-caption-title-line-height:var(--h2_typography-line-height);--awb-caption-title-letter-spacing:var(--h2_typography-letter-spacing);\"><span class=\" fusion-imageframe imageframe-none imageframe-1 hover-type-none\" style=\"border:15px solid rgba(246,246,246,0);\"><img decoding=\"async\" width=\"200\" height=\"61\" title=\"Acronis\" src=\"https:\/\/gaia.cz\/wp-content\/uploads\/2018\/10\/Acronis-e1540564500837.png\" alt class=\"img-responsive wp-image-144\"\/><\/span><\/div><\/div><\/div><div class=\"fusion-clearfix\"><\/div><\/div><\/div><div class=\"fusion-layout-column fusion_builder_column fusion-builder-column-4 fusion_builder_column_1_3 1_3 fusion-one-third\" style=\"--awb-bg-size:cover;width:33.333333333333%;width:calc(33.333333333333% - ( ( 4% + 4% ) * 0.33333333333333 ) );margin-right: 4%;\"><div class=\"fusion-column-wrapper fusion-flex-column-wrapper-legacy\"><div class=\"fusion-column-content-centered\"><div class=\"fusion-column-content\"><div class=\"fusion-image-element in-legacy-container\" style=\"--awb-caption-title-font-family:var(--h2_typography-font-family);--awb-caption-title-font-weight:var(--h2_typography-font-weight);--awb-caption-title-font-style:var(--h2_typography-font-style);--awb-caption-title-size:var(--h2_typography-font-size);--awb-caption-title-transform:var(--h2_typography-text-transform);--awb-caption-title-line-height:var(--h2_typography-line-height);--awb-caption-title-letter-spacing:var(--h2_typography-letter-spacing);\"><span class=\" fusion-imageframe imageframe-none imageframe-2 hover-type-none\" style=\"border:15px solid rgba(246,246,246,0);\"><img decoding=\"async\" width=\"200\" height=\"112\" title=\"eset\" src=\"https:\/\/gaia.cz\/wp-content\/uploads\/2018\/10\/eset-e1540564532349.png\" alt class=\"img-responsive wp-image-145\"\/><\/span><\/div><\/div><\/div><div class=\"fusion-clearfix\"><\/div><\/div><\/div><div class=\"fusion-layout-column fusion_builder_column fusion-builder-column-5 fusion_builder_column_1_3 1_3 fusion-one-third fusion-column-last\" style=\"--awb-bg-size:cover;width:33.333333333333%;width:calc(33.333333333333% - ( ( 4% + 4% ) * 0.33333333333333 ) );\"><div class=\"fusion-column-wrapper fusion-flex-column-wrapper-legacy\"><div class=\"fusion-column-content-centered\"><div class=\"fusion-column-content\"><div class=\"fusion-image-element in-legacy-container\" style=\"--awb-caption-title-font-family:var(--h2_typography-font-family);--awb-caption-title-font-weight:var(--h2_typography-font-weight);--awb-caption-title-font-style:var(--h2_typography-font-style);--awb-caption-title-size:var(--h2_typography-font-size);--awb-caption-title-transform:var(--h2_typography-text-transform);--awb-caption-title-line-height:var(--h2_typography-line-height);--awb-caption-title-letter-spacing:var(--h2_typography-letter-spacing);\"><span class=\" fusion-imageframe imageframe-none imageframe-3 hover-type-none\" style=\"border:15px solid rgba(246,246,246,0);\"><img decoding=\"async\" width=\"200\" height=\"117\" title=\"KerioControl\" src=\"https:\/\/gaia.cz\/wp-content\/uploads\/2016\/12\/KerioControl_Stacked_Color-e1540560572839.png\" alt class=\"img-responsive wp-image-90\"\/><\/span><\/div><\/div><\/div><div class=\"fusion-clearfix\"><\/div><\/div><\/div><\/div><\/div><div class=\"fusion-fullwidth fullwidth-box fusion-builder-row-3 nonhundred-percent-fullwidth non-hundred-percent-height-scrolling fusion-equal-height-columns\" style=\"--awb-border-sizes-top:0px;--awb-border-sizes-bottom:0px;--awb-border-sizes-left:0px;--awb-border-sizes-right:0px;--awb-border-radius-top-left:0px;--awb-border-radius-top-right:0px;--awb-border-radius-bottom-right:0px;--awb-border-radius-bottom-left:0px;--awb-padding-top:20px;--awb-padding-bottom:20px;--awb-flex-wrap:wrap;\" ><div class=\"fusion-builder-row fusion-row\"><div class=\"fusion-layout-column fusion_builder_column fusion-builder-column-6 fusion_builder_column_1_1 1_1 fusion-one-full fusion-column-first fusion-column-last\" style=\"--awb-bg-size:cover;\"><div class=\"fusion-column-wrapper fusion-flex-column-wrapper-legacy\"><div class=\"fusion-column-content-centered\"><div class=\"fusion-column-content\"><div class=\"fusion-text fusion-text-4\"><h2 class=\"fusion-responsive-typography-calculated\" style=\"text-align: center; --fontsize: 24; line-height: 1.5; --minfontsize: 24;\" data-fontsize=\"24\" data-lineheight=\"36px\"><span style=\"color: #23a1eb;\">Doporu\u010d\u00edme vhodn\u00e9 komunika\u010dn\u00ed a teamov\u00e9 n\u00e1stroje dle Va\u0161ich pot\u0159eb<\/span><\/h2>\n<p style=\"text-align: center;\">nej\u010dast\u011bji to jsou<\/p>\n<ul>\n<li>Kerio Connect &#8211; email, kalend\u00e1\u0159e, kontakty, \u00fakoly a instant messaging jako on-premise nebo cloud \u0159e\u0161en\u00ed<\/li>\n<li>Microsoft Office 365 &#8211; p\u0159edplacen\u00e1 cloudov\u00e1 slu\u017eba, kter\u00e1 nab\u00edz\u00ed v\u0161echny n\u00e1stroje pro va\u0161i pr\u00e1ci. Dle typu p\u0159edplatn\u00e9ho m\u016f\u017ee obsahovat mailov\u00e9 slu\u017eby, kancel\u00e1\u0159sk\u00e9 aplikace a dal\u0161\u00ed slu\u017eby jako OneDrive \u010di Microsoft Teams a umo\u017e\u0148uje tak v\u0161em u\u017eivatel\u016fm vytv\u00e1\u0159et dokumenty a sd\u00edlet je odkudkoli a na libovoln\u00e9m za\u0159\u00edzen\u00ed.<\/li>\n<\/ul>\n<\/div><\/div><\/div><div class=\"fusion-clearfix\"><\/div><\/div><\/div><div class=\"fusion-layout-column fusion_builder_column fusion-builder-column-7 fusion_builder_column_1_2 1_2 fusion-one-half fusion-column-first\" style=\"--awb-bg-size:cover;width:50%;width:calc(50% - ( ( 4% ) * 0.5 ) );margin-right: 4%;\"><div class=\"fusion-column-wrapper fusion-flex-column-wrapper-legacy\"><div class=\"fusion-column-content-centered\"><div class=\"fusion-column-content\"><div class=\"fusion-image-element fusion-image-align-center in-legacy-container\" style=\"text-align:center;--awb-caption-title-font-family:var(--h2_typography-font-family);--awb-caption-title-font-weight:var(--h2_typography-font-weight);--awb-caption-title-font-style:var(--h2_typography-font-style);--awb-caption-title-size:var(--h2_typography-font-size);--awb-caption-title-transform:var(--h2_typography-text-transform);--awb-caption-title-line-height:var(--h2_typography-line-height);--awb-caption-title-letter-spacing:var(--h2_typography-letter-spacing);\"><div class=\"imageframe-align-center\"><span class=\" fusion-imageframe imageframe-none imageframe-4 hover-type-none\" style=\"border:20px solid rgba(246,246,246,0);\"><img decoding=\"async\" width=\"200\" height=\"106\" alt=\"Kerio Connect\" title=\"KerioConnect_Stacked_Color\" src=\"https:\/\/gaia.cz\/wp-content\/uploads\/2016\/12\/KerioConnect_Stacked_Color-200x106.png\" class=\"img-responsive wp-image-89\" srcset=\"https:\/\/gaia.cz\/wp-content\/uploads\/2016\/12\/KerioConnect_Stacked_Color-200x106.png 200w, https:\/\/gaia.cz\/wp-content\/uploads\/2016\/12\/KerioConnect_Stacked_Color-400x211.png 400w, https:\/\/gaia.cz\/wp-content\/uploads\/2016\/12\/KerioConnect_Stacked_Color-600x317.png 600w, https:\/\/gaia.cz\/wp-content\/uploads\/2016\/12\/KerioConnect_Stacked_Color-800x422.png 800w, https:\/\/gaia.cz\/wp-content\/uploads\/2016\/12\/KerioConnect_Stacked_Color.png 908w\" sizes=\"(max-width: 800px) 100vw, 600px\" \/><\/span><\/div><\/div><\/div><\/div><div class=\"fusion-clearfix\"><\/div><\/div><\/div><div class=\"fusion-layout-column fusion_builder_column fusion-builder-column-8 fusion_builder_column_1_2 1_2 fusion-one-half fusion-column-last\" style=\"--awb-bg-size:cover;width:50%;width:calc(50% - ( ( 4% ) * 0.5 ) );\"><div class=\"fusion-column-wrapper fusion-flex-column-wrapper-legacy\"><div class=\"fusion-column-content-centered\"><div class=\"fusion-column-content\"><div class=\"fusion-image-element in-legacy-container\" style=\"--awb-caption-title-font-family:var(--h2_typography-font-family);--awb-caption-title-font-weight:var(--h2_typography-font-weight);--awb-caption-title-font-style:var(--h2_typography-font-style);--awb-caption-title-size:var(--h2_typography-font-size);--awb-caption-title-transform:var(--h2_typography-text-transform);--awb-caption-title-line-height:var(--h2_typography-line-height);--awb-caption-title-letter-spacing:var(--h2_typography-letter-spacing);\"><span class=\" fusion-imageframe imageframe-none imageframe-5 hover-type-none\"><img decoding=\"async\" width=\"450\" height=\"396\" alt=\"office365\" title=\"office365\" src=\"https:\/\/gaia.cz\/wp-content\/uploads\/2021\/08\/office365.png\" class=\"img-responsive wp-image-163\" srcset=\"https:\/\/gaia.cz\/wp-content\/uploads\/2021\/08\/office365-200x176.png 200w, https:\/\/gaia.cz\/wp-content\/uploads\/2021\/08\/office365-400x352.png 400w, https:\/\/gaia.cz\/wp-content\/uploads\/2021\/08\/office365.png 450w\" sizes=\"(max-width: 800px) 100vw, 450px\" \/><\/span><\/div><\/div><\/div><div class=\"fusion-clearfix\"><\/div><\/div><\/div><\/div><\/div><div class=\"fusion-fullwidth fullwidth-box fusion-builder-row-4 nonhundred-percent-fullwidth non-hundred-percent-height-scrolling fusion-equal-height-columns\" style=\"--awb-border-radius-top-left:0px;--awb-border-radius-top-right:0px;--awb-border-radius-bottom-right:0px;--awb-border-radius-bottom-left:0px;--awb-padding-top:20px;--awb-padding-bottom:20px;--awb-flex-wrap:wrap;\" ><div class=\"fusion-builder-row fusion-row\"><div class=\"fusion-layout-column fusion_builder_column fusion-builder-column-9 fusion_builder_column_1_1 1_1 fusion-one-full fusion-column-first fusion-column-last\" style=\"--awb-bg-size:cover;\"><div class=\"fusion-column-wrapper fusion-flex-column-wrapper-legacy\"><div class=\"fusion-text fusion-text-5\"><h2 style=\"text-align: center;\"><span style=\"color: #23a1eb;\">Bezpe\u010dn\u00e1 rychl\u00e1 vzd\u00e1len\u00e1 pomoc a\u0165 jste kdekoli<\/span><\/h2>\n<ul>\n<li>Vzd\u00e1len\u00e1 podpora \u0161et\u0159\u00ed \u010das, pen\u00edze, benz\u00edn a \u017eivotn\u00ed prost\u0159ed\u00ed \ud83d\ude42<\/li>\n<li>St\u00e1hn\u011bte si <a href=\"https:\/\/download.teamviewer.com\/download\/TeamViewerQS.exe\">Teamviewer Quick Support<\/a>, po jeho spu\u0161t\u011bn\u00ed n\u00e1m sta\u010d\u00ed sd\u011blit ID a jednor\u00e1zov\u011b vygenerovan\u00e9 heslo<\/li>\n<li>Pro co nejjednodu\u0161\u0161\u00ed a nejefektivn\u011bj\u0161\u00ed pomoc m\u016f\u017eeme program na va\u0161ich PC spustit trvale jako slu\u017ebu (pro smluvn\u00ed z\u00e1kazn\u00edky)<\/li>\n<\/ul>\n<\/div><div class=\"fusion-clearfix\"><\/div><\/div><\/div><div class=\"fusion-layout-column fusion_builder_column fusion-builder-column-10 fusion_builder_column_1_1 1_1 fusion-one-full fusion-column-first fusion-column-last\" style=\"--awb-bg-size:cover;\"><div class=\"fusion-column-wrapper fusion-flex-column-wrapper-legacy\"><div class=\"fusion-column-content-centered\"><div class=\"fusion-column-content\"><div class=\"fusion-image-element fusion-image-align-center in-legacy-container\" style=\"text-align:center;--awb-caption-title-font-family:var(--h2_typography-font-family);--awb-caption-title-font-weight:var(--h2_typography-font-weight);--awb-caption-title-font-style:var(--h2_typography-font-style);--awb-caption-title-size:var(--h2_typography-font-size);--awb-caption-title-transform:var(--h2_typography-text-transform);--awb-caption-title-line-height:var(--h2_typography-line-height);--awb-caption-title-letter-spacing:var(--h2_typography-letter-spacing);\"><div class=\"imageframe-align-center\"><span class=\" fusion-imageframe imageframe-none imageframe-6 hover-type-none\"><a class=\"fusion-no-lightbox\" href=\"https:\/\/download.teamviewer.com\/download\/TeamViewerQS.exe\" target=\"_self\" aria-label=\"logo teamviewer\"><img decoding=\"async\" width=\"262\" height=\"167\" alt=\"Teamviewer download\" src=\"http:\/\/gaia.cz\/wp-content\/uploads\/2016\/12\/logo-teamviewer.png\" class=\"img-responsive wp-image-83\" srcset=\"https:\/\/gaia.cz\/wp-content\/uploads\/2016\/12\/logo-teamviewer-200x127.png 200w, https:\/\/gaia.cz\/wp-content\/uploads\/2016\/12\/logo-teamviewer.png 262w\" sizes=\"(max-width: 800px) 100vw, 262px\" \/><\/a><\/span><\/div><\/div><\/div><\/div><div class=\"fusion-clearfix\"><\/div><\/div><\/div><\/div><\/div><div class=\"fusion-fullwidth fullwidth-box fusion-builder-row-5 nonhundred-percent-fullwidth non-hundred-percent-height-scrolling fusion-equal-height-columns\" style=\"--awb-border-radius-top-left:0px;--awb-border-radius-top-right:0px;--awb-border-radius-bottom-right:0px;--awb-border-radius-bottom-left:0px;--awb-padding-top:20px;--awb-flex-wrap:wrap;\" ><div class=\"fusion-builder-row fusion-row\"><div class=\"fusion-layout-column fusion_builder_column fusion-builder-column-11 fusion_builder_column_1_1 1_1 fusion-one-full fusion-column-first fusion-column-last\" style=\"--awb-bg-size:cover;\"><div class=\"fusion-column-wrapper fusion-flex-column-wrapper-legacy\"><div class=\"fusion-text fusion-text-6\"><hr \/>\n<h2 style=\"text-align: center;\"><span style=\"color: #23a1eb;\">Spojte se s n\u00e1mi<\/span><\/h2>\n<\/div><div class=\"fusion-clearfix\"><\/div><\/div><\/div><\/div><\/div><div class=\"fusion-fullwidth fullwidth-box fusion-builder-row-6 nonhundred-percent-fullwidth non-hundred-percent-height-scrolling fusion-equal-height-columns\" style=\"--awb-border-radius-top-left:0px;--awb-border-radius-top-right:0px;--awb-border-radius-bottom-right:0px;--awb-border-radius-bottom-left:0px;--awb-padding-bottom:20px;--awb-flex-wrap:wrap;\" ><div class=\"fusion-builder-row fusion-row\"><div class=\"fusion-layout-column fusion_builder_column fusion-builder-column-12 fusion_builder_column_1_2 1_2 fusion-one-half fusion-column-first\" style=\"--awb-bg-size:cover;width:50%;width:calc(50% - ( ( 4% ) * 0.5 ) );margin-right: 4%;\"><div class=\"fusion-column-wrapper fusion-flex-column-wrapper-legacy\"><div class=\"fusion-text fusion-text-7\"><ul>\n<li>Gaia Connections s.r.o., M\u00edrov\u00e1 49\/58, Praha 10 &#8211; Kolovraty\u00a0 jen po p\u0159edchoz\u00ed domluv\u011b)<\/li>\n<li>obecn\u00fd mail technick\u00e9 podpory : pc@gaia.cz<\/li>\n<\/ul>\n<\/div><div class=\"fusion-clearfix\"><\/div><\/div><\/div><div class=\"fusion-layout-column fusion_builder_column fusion-builder-column-13 fusion_builder_column_1_2 1_2 fusion-one-half fusion-column-last\" style=\"--awb-bg-size:cover;width:50%;width:calc(50% - ( ( 4% ) * 0.5 ) );\"><div class=\"fusion-column-wrapper fusion-flex-column-wrapper-legacy\"><div class=\"fusion-text fusion-text-8\"><ul>\n<li>Filip Nov\u00e1k : +420 603 441 940,<br \/>\nfilip.novak@gaia.cz<\/li>\n<li>Ing.Jan Zme\u0161kal : +420 608 059 582,<br \/>\njan.zmeskal@gaia.cz<\/li>\n<\/ul>\n<\/div><div class=\"fusion-clearfix\"><\/div><\/div><\/div><\/div><\/div><div class=\"fusion-fullwidth fullwidth-box fusion-builder-row-7 fusion-flex-container nonhundred-percent-fullwidth non-hundred-percent-height-scrolling\" style=\"--awb-border-radius-top-left:0px;--awb-border-radius-top-right:0px;--awb-border-radius-bottom-right:0px;--awb-border-radius-bottom-left:0px;--awb-flex-wrap:wrap;\" ><div class=\"fusion-builder-row fusion-row fusion-flex-align-items-flex-start fusion-flex-content-wrap\" style=\"max-width:1144px;margin-left: calc(-4% \/ 2 );margin-right: calc(-4% \/ 2 );\"><div class=\"fusion-layout-column fusion_builder_column fusion-builder-column-14 fusion_builder_column_1_1 1_1 fusion-flex-column\" style=\"--awb-bg-size:cover;--awb-width-large:100%;--awb-margin-top-large:0px;--awb-spacing-right-large:1.92%;--awb-margin-bottom-large:20px;--awb-spacing-left-large:1.92%;--awb-width-medium:100%;--awb-order-medium:0;--awb-spacing-right-medium:1.92%;--awb-spacing-left-medium:1.92%;--awb-width-small:100%;--awb-order-small:0;--awb-spacing-right-small:1.92%;--awb-spacing-left-small:1.92%;\"><div class=\"fusion-column-wrapper fusion-column-has-shadow fusion-flex-justify-content-flex-start fusion-content-layout-column\"><div class=\"fusion-text fusion-text-9\"><p style=\"text-align: center;\"><a href=\"https:\/\/gaia.cz\/wp-content\/uploads\/2024\/11\/NRB.png\"><img decoding=\"async\" class=\"alignnone size-full wp-image-168\" src=\"https:\/\/gaia.cz\/wp-content\/uploads\/2024\/11\/NRB.png\" alt=\"\" width=\"207\" height=\"84\" srcset=\"https:\/\/gaia.cz\/wp-content\/uploads\/2024\/11\/NRB-200x81.png 200w, https:\/\/gaia.cz\/wp-content\/uploads\/2024\/11\/NRB.png 207w\" sizes=\"(max-width: 207px) 100vw, 207px\" \/><\/a><a href=\"https:\/\/gaia.cz\/wp-content\/uploads\/2024\/11\/NRB-EU.png\"><img decoding=\"async\" class=\"alignnone size-full wp-image-167\" src=\"https:\/\/gaia.cz\/wp-content\/uploads\/2024\/11\/NRB-EU.png\" alt=\"\" width=\"303\" height=\"63\" srcset=\"https:\/\/gaia.cz\/wp-content\/uploads\/2024\/11\/NRB-EU-200x42.png 200w, https:\/\/gaia.cz\/wp-content\/uploads\/2024\/11\/NRB-EU-300x63.png 300w, https:\/\/gaia.cz\/wp-content\/uploads\/2024\/11\/NRB-EU.png 303w\" sizes=\"(max-width: 303px) 100vw, 303px\" \/><\/a><br \/>\nV roce 2024 na\u0161e spole\u010dnost vyu\u017eila projekt Z\u00e1ruka Elektromobilita N\u00e1rodn\u00ed rozvojov\u00e9 banky,<br \/>\na po\u0159\u00eddila v\u00fdhodn\u011b jeden elektromobil Citroen e-C4.<br \/>\nCesty k na\u0161im z\u00e1kazn\u00edk\u016fm po Praze a okol\u00ed jsou tak bez lok\u00e1ln\u00edch emis\u00ed a sn\u00ed\u017eili jsme i n\u00e1klady na provoz i servis.<\/p>\n<\/div><\/div><\/div><\/div><\/div><\/p>\n","protected":false},"excerpt":{"rendered":"","protected":false},"author":1,"featured_media":0,"parent":0,"menu_order":0,"comment_status":"closed","ping_status":"closed","template":"","meta":{"footnotes":""},"class_list":["post-103","page","type-page","status-publish","hentry"],"_links":{"self":[{"href":"https:\/\/gaia.cz\/index.php?rest_route=\/wp\/v2\/pages\/103"}],"collection":[{"href":"https:\/\/gaia.cz\/index.php?rest_route=\/wp\/v2\/pages"}],"about":[{"href":"https:\/\/gaia.cz\/index.php?rest_route=\/wp\/v2\/types\/page"}],"author":[{"embeddable":true,"href":"https:\/\/gaia.cz\/index.php?rest_route=\/wp\/v2\/users\/1"}],"replies":[{"embeddable":true,"href":"https:\/\/gaia.cz\/index.php?rest_route=%2Fwp%2Fv2%2Fcomments&post=103"}],"version-history":[{"count":54,"href":"https:\/\/gaia.cz\/index.php?rest_route=\/wp\/v2\/pages\/103\/revisions"}],"predecessor-version":[{"id":169,"href":"https:\/\/gaia.cz\/index.php?rest_route=\/wp\/v2\/pages\/103\/revisions\/169"}],"wp:attachment":[{"href":"https:\/\/gaia.cz\/index.php?rest_route=%2Fwp%2Fv2%2Fmedia&parent=103"}],"curies":[{"name":"wp","href":"https:\/\/api.w.org\/{rel}","templated":true}]}}